 + 83.
74
Evaluate 59 + -59 + 0 + -34.
-34
What is 51 - (16 + -16 - 42)?
93
Evaluate 34 + (207 + -209 - (0 - -14)) + 14.
32
(5 - (-42 - (-40 + 15))) + (11 - 105)
-72
Evaluate 335 + -253 + (-77 - 0).
5
What is -30 + 11 + -7 + 12 + 11 + -43?
-46
(118 - 1) + (-4253 - -4207)
71
Evaluate 19 + 36 + -43 + -3 + -2 + -23.
-16
Evaluate 37 + -101 + 28 + 6.
-30
What is the value of -6 + 0 + -12 + 22 + (31 - 51)?
-16
Evaluate 25 - (16 + (-8 - 19) - -21).
15
Evaluate -14 - (-39 + (12 - -6)) - 47.
-40
Calculate -1 - (8 + -6 + 27 + -32 + -41).
43
0 - (126 + 1 - (405 + -394))
-116
What is (1 - (4 + 75)) + 0 + -1 - (2530 + -2517)?
-92
Calculate -17 - 6 - (-10 - -11) - (3 + 10).
-37
What is -219 + (74 - (37 - 85))?
-97
Calculate 35 + -9 + -7 + 64.
83
(-3 - (3 + -4)) + 502 + -518 - 43
-61
1 + -56 + (554 - 548)
-49
1 + (-12 + 1 - (19 + -69))
40
84 + (-252 - -119) + -82
-131
What is 22 + -43 + 42 + -19?
2
Evaluate (10 - -19) + -12 + -39 + -5 + -7.
-34
What is the value of 134 - (170 + 166) - (3 - 50)?
-155
Calculate (-4 - -16) + 14 + -54 + 1 + -17.
-44
Evaluate 3 + (-1 - 9) + (-99 - -16) + -19 - 3.
-112
What is the value of (1243 - 1137) + (-98 - 4)?
4
(-126 - -129) + (5 + 36 + -4 - 3)
37
Calculate -6 - -3 - 7 - (5 - (20 + 116) - 8).
129
What is -115 + 63 + 60 + -72?
-64
(-33 + 30 - (3 + 2) - -5) + -9 + -3
-15
What is the value of (-47 - (26 - 119)) + -17?
29
Calculate 60 - (-1999 + 1962 + 60 + 0).
37
Evaluate -10 - ((58 - (2 - -1)) + (19 + -84 - -61)).
-61
What is (0 - ((2 - -2 - 6) + 12)) + -72 + 100?
18
Calculate -4404 + 4489 - (4 - (0 - -1)).
82
What is the value of 0 - (-2 + 29) - (-23 + 95 - 68)?
-31
What is (-5 - 22) + -5 - 7 - (0 - 7)?
-32
What is the value of -12 + (19 - 11 - (19 + -31))?
8
Evaluate 1 - -15 - (103 + 54 + 17 + -41).
-117
What is 8 + (9 - 10) + 26 + (6 - -1) + 10?
50
-8 + (-12 - (2 + -9 + -4)) + -37
-46
What is the value of -40 + -45 + -48 + (-8 - -3 - (-4 - 0))?
-134
What is 1 + -17 + 13 + -13 + -6?
-22
Calculate 9 - ((-1 - -2) + 116 + -33 + 18 + 7).
-100
What is the value of -57 - ((-213 - -135) + 125)?
-104
Calculate 10 + (0 - (-8 - -8)) + (-99 - -58).
-31
(0 - 10) + (273 - 155) + -130
-22
Calculate 1 - 10 - (16 + -36 + -21 + 37).
-5
Calculate (-3191 - -3184) + ((-1 + -1 - -4) + 0 - 36).
-41
What is the value of 19 - (21 + -16 + 13 + -16)?
17
What is the value of 11 + -10 + 2 + (2 - 6 - 46)?
-47
Calculate (-6 + (0 - 1) + 7 - (2 - -2)) + -68.
-72
What is 69 + -14 + (227 - 230)?
52
(-15 - -18) + -21 + 26 + -16 - -19
11
-48 - (-24 - (-21 - -3))
-42
Calculate -34 - (43 + -21 + -11 - (-5 + 27)).
-23
What is the value of (-18 - (-35 + 6)) + -8 + 32?
35
What is 1 - 33 - ((-51 - -50) + 9 + (-10 - -4))?
-34
What is the value of 93 - 199 - -98 - (-19 - 2 - 1)?
14
What is the value of (5 + -51 - (-6 - (-29 + 8))) + -18?
-79
What is -15 + (29 - ((-8 - -10) + 13) - 29)?
-30
What is the value of (-1 - -1 - -6) + 162 + -139?
29
(-9 - 0) + (-108 - (-75 + 2))
-44
What is 16 + 4 - (79 + 4) - -11?
-52
What is -6 + 3 + (25 - 21) + (-3 - -82) - 4?
76
What is 4 + (3 - -1) + (28 + -11 - 18) + -3?
4
What is the value of (-197 - -87) + 19 + 166?
75
Evaluate 3 + -1 + -13 + -119 + 120 - -5 - 59.
-64
Calculate -57 - (25 - 14) - (2 - 6 - 4).
-60
Evaluate (7 + -3 - -8 - 4) + -62 + 45 + -46.
-55
Evaluate 3 + -21 + -46 + 52 + -28 + -8.
-48
What is the value of (-7 - (-2 + -34)) + (7 + -1 - (42 + -40))?
33
-7 - (-81 - (-19 - (6 + -21)))
70
What is the value of (4 - (-11 + 57 - (-26 + 31))) + -11?
-48
What is the value of (33 - 0) + (40 - (37 - (-46 - -52)))?
42
Evaluate ((16 - 10) + (8 - 6 - 11) - 4) + 39.
32
What is the value of -8 - (76 - 86 - (12 - -2))?
16
What is 18 + (12 - (3 + (-23 - -37)))?
13
What is the value of 9 + (12 - (-10 + 18)) + 6 + -54?
-35
Evaluate 8 - ((-6 + -72 - (-4 - (7 - 1))) + 8).
68
Evaluate (-2 - 4) + (22 - 0) + 1 + 1.
18
-12 + 3 - (7 - (-4 + 2))
-18
Evaluate 21 - 35 - (-7 + -34).
27
Evaluate 4 + (-107 - (2 - 30) - -28).
-47
Evaluate -4 - (-17 - ((13 - 0) + (26 - 47))) - -62.
67
What is 61 - (-17 - -24 - -26)?
28
Calculate 70 + -64 + 4 - (2 - -40).
-32
Evaluate -20 - (149 + 40 + -121).
-88
Calculate (55 - (44 - -53)) + 41.
-1
Evaluate 61 - -2 - ((4 - -23) + 81 + -94 + 1).
48
What is the value of (42 - -2) + (241 - 261)?
24
-5 - ((-7 - -41) + -20 - 10)
-9
What is 29 + (42 - 18 - 67) - (3 + -85)?
68
Calculate 58 - (-7 + -19) - 53.
31
Calculate 1 + -57 - (-13 + (32 + -21 - 15)).
-39
Evaluate 27 - (49 - -21) - -35.
-8
What is 107 - (-3 + -6 + -33 - (-1 + -23))?
125
2 + 3 + (33 - 8) - (-190 + 175)
45
Evaluate -86 + (4 - 6) + -6 + (19 - (4 + 20)).
-99
What is 27 + -33 + (97 - -22) + -28?
85
182 + (-181 - -16) + 16
33
Calculate (-11 - 30 - -32) + (-4 - (-14 + 7 - -3)).
-9
Evaluate ((-30 - -73) + -40 - (14 - 0)) + 47 + 1.
37
(-3763 - -3796) + (-2 - 2) + 11
40
What is (1 - (-2 + 1 + 49)) + 302 + -305 - -4?
-46
What is the value of -21 - (-25 - (23 - (0 - -24)))?
3
What is the value of (7 - 85) + -26 + 12 + 32 + -13?
-73
What is 33 + (-3 - 4) - (-180 - -146)?
60
(2 - 20) + -17 + -43 + 72
-6
What is -17 + (21 + 13 + -48 - (-119 - 0))?
88
What is -46 + -6 + 8 - -38?
-6
17 + 0 + (33 - (37 - -3)) - (51 - 2)
-39
Calculate (6 - (-3 - 2) - (38 + 8)) + 13.
-22
Evaluate (7 - (-22 - (-49 - -17))) + 4.
1
What is 74 - (2 + (17 + -3 - (-2 + 25)))?
81
12871 + -12864 + (1 + -3 - -125)
130
What is 8 + -70 + -195 - -136?
-121
What is 7 - (28 + -1 + -18 + (16 - 10))?
-8
-19 - 19 - (-4 + -23)
-11
Calculate -43 + (28 - (18 + -43 + 49)).
-39
What is 32 - 13 - 27 - (-2 + 2)?
-8
What is (1 - -4) + (-184 - -257) + 2 + (-16 - 6)?
58
Evaluate -43 + -9 - (17 - (19 - 6) - -14).
-70
-27 - (43 + -105 + 7)
28
What is the value of -38 - (1 - (-4 + -8)) - -12?
-39
What is the value of -22 + 85 - -4 - (-14 - -31)?
50
What is (-68 - 59) + 45 - (-24 + 9)?
-67
94 + -29 + (23 - 17 - 25)
46
Calculate 72 + 1 + (17 - 54).
36
What is -18 + 73 + -17 + -24 + -64?
-50
What is (-1 - (1 + 2)) + (-14 + -32 - -21)?
-29
Calculate -1 + (-2 - 8) + 1 + -223 + 364 + -38.
93
What is the value of 10 - -1 - (11 - -73 - 121)?
48
6 - (76 + -19) - -44
-7
What is the value of (-79 - -123 - 54) + 60?
50
What is the value of -31 - (12 - (101 + -48 + 14))?
24
Calculate -119 - (-11 - (-6 - 0)) - (3 - 8) - -13.
-96
What is (4 - 8) + 13 + -85 + 72 - 2?
-6
What is (3 + 1 - -112) + -7?
109
Calculate 49 + -74 + (-158 - -184).
1
71 + -60 + (14 - -10) + -118
-83
Calculate -3 - 23 - ((25 - 61) + 15) - -16.
11
(50 - 5) + 150 + -133
62
Calculate -1 + -8 + (-4 - -17) + -19 - 59.
-74
Calculate 63 - ((4 - 10 - -5) + 10 - -4) - -2.
52
What is the value of (-14 - 6 - 4) + (-43 - -56)?
-11
What is the value of -2 + -7 + (-49 - -31) + 18?
-9
-146 - (126 + -230 - -1)
-43
What is the value of 75 + (-81 - 0) - (-4 + -82)?
80
Evaluate -15 + 11 - (29 + -50).
17
What is 21 - (-49 - (-140 - 19))?
-89
Calculate (-51 + -15 - -22) + 19 + 1.
-24
(2 - -41) + -54 + -4
-15
Calculate 2020 - 2067 - (-155 - 2).
110
Calculate (3 + -40 - -3) + (356 - 237).
85
What is (-73 - (19 + -5)) + 14 - (-7 + 7 + -2)?
-71
1 - 100 - (-688 - -632)
-43
What is the value of -2 + 0 + (4 - 1 - -15) + 91?
107
Calculate 73 + 1 + (19 - 31) + 2 + -1 + -8.
55
Calculate (-108 + 106 - (-2 - -6)) + -2 + 6.
-2
What is the value of -77 - (9 - 0 - 11) - (153 - 159)?
-69
Calculate -90 - (-14 - (9 + -25) - 12).
-80
(7 - (-13 + (35 - (20 - 15)))) + (1 - -8)
-1
(-42 - (-23 + (-46 - -42))) + -33 + 0
-48
What is the value of -127 + 54 + 52 + -65?
-86
Evaluate -87 + 75 + (1 - 3) + -17 + 26.
-5
-9 - (31 + (2 - 23)) - (-4 + 8)
-23
What is the value of (1 - (-1 + 1) - -5 - 73) + (-207 - -210)?
-64
(0 - 77) + -25 + 170 + -132
-64
What is the value of -23 + 2 - (9 - (6 + 9 + 0 + 0))?
-15
Calculate 47 - -210 - (99 - -52).
106
Evaluate -163 + 171 + -64 + 14.
-42
-1 - (9 + -26) - (16 - 66 - -21)
45
Calculate 68 - (-27 - (-22 - 44)).
29
What is (94 - 0) + 8 + -9 + (10 - 6 - 3)?
94
Evaluate -11 - -24 - (72 + -93).
34
Calculate (17 - 1) + -23 + -7.
-14
What is the value of -5 + (-22 + 16 - 13) + 61?
37
What is the value of -151 + 140 + (68 - 3) - 9?
45
Calculate 767 - 834 - (7 - 0 - -1).
-75
Evaluate 39 + -55 + 38 - 48.
-26
What is the value of (25 - 1 - (-1026 + 1045)) + -12?
-7
Evaluate (-1422 - -1383) + (-2 - -52) + (1 - 2 - -40).
50
What is 10 + -40 + 74 - (65 - 4)?
-17
What is the value of